n 1817 is divided by 12?
5
What is the remainder when 439 is divided by 65?
49
Calculate the remainder when 221 is divided by 165.
56
Calculate the remainder when 63 is divided by 42.
21
What is the remainder when 157 is divided by 53?
51
Calculate the remainder when 12799 is divided by 8.
7
Calculate the remainder when 700 is divided by 39.
37
What is the remainder when 37 is divided by 19?
18
Calculate the remainder when 507 is divided by 57.
51
Calculate the remainder when 242 is divided by 41.
37
What is the remainder when 32 is divided by 7?
4
Calculate the remainder when 704 is divided by 15.
14
Calculate the remainder when 2261 is divided by 254.
229
What is the remainder when 1025 is divided by 23?
13
Calculate the remainder when 215 is divided by 81.
53
Calculate the remainder when 5312 is divided by 23.
22
What is the remainder when 554 is divided by 66?
26
What is the remainder when 943 is divided by 48?
31
Calculate the remainder when 17683 is divided by 49.
43
Calculate the remainder when 491 is divided by 28.
15
What is the remainder when 133 is divided by 70?
63
What is the remainder when 137 is divided by 24?
17
Calculate the remainder when 250 is divided by 18.
16
Calculate the remainder when 2078 is divided by 32.
30
Calculate the remainder when 8547 is divided by 23.
14
What is the remainder when 55 is divided by 22?
11
Calculate the remainder when 101 is divided by 39.
23
Calculate the remainder when 4608 is divided by 71.
64
What is the remainder when 124 is divided by 4?
0
What is the remainder when 356 is divided by 181?
175
What is the remainder when 377 is divided by 96?
89
What is the remainder when 11702 is divided by 152?
150
Calculate the remainder when 998 is divided by 140.
18
Calculate the remainder when 517 is divided by 171.
4
What is the remainder when 3508 is divided by 3498?
10
Calculate the remainder when 344 is divided by 35.
29
What is the remainder when 413 is divided by 112?
77
Calculate the remainder when 323 is divided by 54.
53
What is the remainder when 85 is divided by 43?
42
Calculate the remainder when 1347 is divided by 433.
48
Calculate the remainder when 221 is divided by 39.
26
Calculate the remainder when 30 is divided by 16.
14
What is the remainder when 105 is divided by 10?
5
What is the remainder when 344 is divided by 106?
26
What is the remainder when 409 is divided by 82?
81
What is the remainder when 9633 is divided by 66?
63
What is the remainder when 123 is divided by 16?
11
Calculate the remainder when 11457 is divided by 34.
33
What is the remainder when 37 is divided by 18?
1
Calculate the remainder when 573 is divided by 4.
1
Calculate the remainder when 2937 is divided by 734.
1
What is the remainder when 433 is divided by 87?
85
Calculate the remainder when 166 is divided by 13.
10
What is the remainder when 125 is divided by 14?
13
What is the remainder when 332 is divided by 23?
10
Calculate the remainder when 26 is divided by 6.
2
What is the remainder when 87 is divided by 9?
6
Calculate the remainder when 83 is divided by 17.
15
What is the remainder when 4027 is divided by 224?
219
What is the remainder when 36 is divided by 23?
13
What is the remainder when 6209 is divided by 135?
134
Calculate the remainder when 4757 is divided by 8.
5
What is the remainder when 4508 is divided by 41?
39
Calculate the remainder when 2942 is divided by 95.
92
Calculate the remainder when 841 is divided by 65.
61
What is the remainder when 463 is divided by 229?
5
What is the remainder when 63 is divided by 16?
15
What is the remainder when 282 is divided by 22?
18
Calculate the remainder when 27375 is divided by 169.
166
What is the remainder when 41 is divided by 10?
1
What is the remainder when 436 is divided by 21?
16
Calculate the remainder when 275 is divided by 77.
44
Calculate the remainder when 461 is divided by 29.
26
Calculate the remainder when 273 is divided by 95.
83
What is the remainder when 163 is divided by 53?
4
What is the remainder when 962 is divided by 496?
466
What is the remainder when 501 is divided by 166?
3
What is the remainder when 4244 is divided by 77?
9
Calculate the remainder when 375 is divided by 69.
30
Calculate the remainder when 942 is divided by 137.
120
What is the remainder when 189 is divided by 36?
9
Calculate the remainder when 1390 is divided by 31.
26
What is the remainder when 42 is divided by 9?
6
What is the remainder when 21194 is divided by 15?
14
What is the remainder when 75 is divided by 16?
11
Calculate the remainder when 2574 is divided by 196.
26
Calculate the remainder when 332 is divided by 13.
7
What is the remainder when 782 is divided by 49?
47
What is the remainder when 1480 is divided by 97?
25
Calculate the remainder when 16718 is divided by 18.
14
Calculate the remainder when 2588 is divided by 162.
158
What is the remainder when 5871 is divided by 66?
63
Calculate the remainder when 336 is divided by 54.
12
Calculate the remainder when 1895 is divided by 270.
5
What is the remainder when 951 is divided by 13?
2
Calculate the remainder when 728 is divided by 61.
57
What is the remainder when 136 is divided by 14?
10
What is the remainder when 771 is divided by 43?
40
What is the remainder when 38878 is divided by 45?
43
What is the remainder when 257 is divided by 87?
83
Calculate the remainder when 573 is divided by 192.
189
Calculate the remainder when 743 is divided by 186.
185
Calculate the remainder when 288 is divided by 49.
43
What is the remainder when 214 is divided by 73?
68
What is the remainder when 291 is divided by 173?
118
Calculate the remainder when 114 is divided by 111.
3
Calculate the remainder when 604 is divided by 101.
99
What is the remainder when 92 is divided by 24?
20
What is the remainder when 782 is divided by 49?
47
Calculate the remainder when 843 is divided by 280.
3
Calculate the remainder when 1920 is divided by 380.
20
Calculate the remainder when 181 is divided by 26.
25
What is the remainder when 11 is divided by 3?
2
What is the remainder when 53 is divided by 17?
2
Calculate the remainder when 82 is divided by 13.
4
What is the remainder when 392 is divided by 381?
11
What is the remainder when 202 is divided by 16?
10
What is the remainder when 6899 is divided by 276?
275
Calculate the remainder when 300 is divided by 34.
28
What is the remainder when 549 is divided by 55?
54
What is the remainder when 338 is divided by 163?
12
Calculate the remainder when 171 is divided by 86.
85
Calculate the remainder when 28 is divided by 4.
0
Calculate the remainder when 5024 is divided by 15.
14
What is the remainder when 648 is divided by 188?
84
What is the remainder when 672 is divided by 38?
26
What is the remainder when 237 is divided by 32?
13
What is the remainder when 188 is divided by 25?
13
What is the remainder when 923 is divided by 25?
23
Calculate the remainder when 70939 is divided by 321.
319
Calculate the remainder when 1503 is divided by 56.
47
Calculate the remainder when 130 is divided by 11.
9
What is the remainder when 155 is divided by 52?
51
Calculate the remainder when 115 is divided by 26.
11
Calculate the remainder when 3959 is divided by 36.
35
What is the remainder when 241 is divided by 86?
69
Calculate the remainder when 97 is divided by 28.
13
What is the remainder when 254 is divided by 20?
14
Calculate the remainder when 86 is divided by 9.
5
Calculate the remainder when 38 is divided by 6.
2
What is the remainder when 1580 is divided by 359?
144
What is the remainder when 485 is divided by 133?
86
What is the remainder when 373 is divided by 102?
67
What is the remainder when 512 is divided by 47?
42
Calculate the remainder when 51 is divided by 7.
2
What is the remainder when 3697 is divided by 63?
43
Calculate the remainder when 208 is divided by 25.
8
Calculate the remainder when 295 is divided by 72.
7
What is the remainder when 7939 is divided by 10?
9
Calculate the remainder when 2583 is divided by 34.
33
What is the remainder when 139 is divided by 43?
10
What is the remainder when 2459 is divided by 309?
296
Calculate the remainder when 17 is divided by 9.
8
Calculate the remainder when 352 is divided by 161.
30
What is the remainder when 562 i